{"id":37710,"date":"2026-03-02T20:16:41","date_gmt":"2026-03-02T19:16:41","guid":{"rendered":"https:\/\/enginsight.com\/?post_type=event_listing&#038;p=37710"},"modified":"2026-03-02T20:16:42","modified_gmt":"2026-03-02T19:16:42","slug":"pits-public-it-security","status":"publish","type":"event_listing","link":"https:\/\/enginsight.com\/de\/veranstaltung\/pits-public-it-security\/","title":{"rendered":"PITS Public IT Security"},"content":{"rendered":"\n<p>Die&nbsp;<strong>Public IT Security 2026<\/strong>&nbsp;findet am&nbsp;<strong>16. und 17. Juni 2026<\/strong>&nbsp;im&nbsp;<strong>Hotel Adlon in Berlin<\/strong>&nbsp;statt. Die Veranstaltung richtet sich an Fachleute aus der IT-Sicherheitsbranche und dem \u00f6ffentlichen Sektor. Sie bietet ein abwechslungsreiches Programm mit&nbsp;<strong>Vortr\u00e4gen, Workshops und interaktiven Diskussionen<\/strong>, die sich mit aktuellen Themen wie&nbsp;<strong>Cybersicherheit, K\u00fcnstlicher Intelligenz und Cloud-Nutzung<\/strong>&nbsp;im \u00f6ffentlichen Bereich befassen.<\/p>\n\n\n\n<p>Die Veranstaltung stellt zudem Experten und Praktiker aus dem \u00f6ffentlichen Sektor in den Mittelpunkt und beleuchtet praxisnahe L\u00f6sungen f\u00fcr den Umgang mit Cyber-Bedrohungen und die Verbesserung der Resilienz \u00f6ffentlicher IT-Infrastrukturen.<\/p>\n\n\n\n<h3 class=\"wp-block-heading\">Agenda<\/h3>\n\n\n\n<h3 class=\"wp-block-heading\"><strong>16. Juni 2026<\/strong><\/h3>\n\n\n\n<ul class=\"wp-block-list\">\n<li><strong>08:00<\/strong>\u00a0\u2013 Er\u00f6ffnung der Ausstellung und Registrierung<\/li>\n\n\n\n<li><strong>08:50<\/strong>\u00a0\u2013 Er\u00f6ffnungsrede<\/li>\n\n\n\n<li><strong>09:00<\/strong>\u00a0\u2013 Er\u00f6ffnungskeynote (Ministerium des Innern)<\/li>\n\n\n\n<li><strong>09:20<\/strong>\u00a0\u2013 Keynote von Schwarz Digits<\/li>\n\n\n\n<li><strong>09:40<\/strong>\u00a0\u2013 Keynote von Carsten Meywirth, BKA<\/li>\n\n\n\n<li><strong>10:00<\/strong>\u00a0\u2013 Diskussion: &#8222;Doctor Quantum \u2013 Neue Technologien f\u00fcr sichere \u00f6ffentliche Netze&#8220;<\/li>\n\n\n\n<li><strong>11:00<\/strong>\u00a0\u2013 Keynote von Enginsight<\/li>\n\n\n\n<li><strong>11:20<\/strong>\u00a0\u2013 Vortrag: \u201eWie bleibt Deutschlands gr\u00f6\u00dfte Beh\u00f6rde cyber-sicher?\u201c (Lars Kukuk, CISO, BA)<\/li>\n\n\n\n<li><strong>12:10<\/strong>\u00a0\u2013 Parallelforen: &#8222;Sichere Netze des Bundes&#8220;, &#8222;Kryptonit gegen Hacker&#8220;, u.a.<\/li>\n\n\n\n<li><strong>13:20<\/strong>\u00a0\u2013 Mittagspause<\/li>\n\n\n\n<li><strong>14:30<\/strong>\u00a0\u2013 Parallelforen: &#8222;Initiativen f\u00fcr Frauen in der Cyber-Abwehr&#8220;, &#8222;Hatespeech effektiv bek\u00e4mpfen&#8220;, u.a.<\/li>\n\n\n\n<li><strong>16:30<\/strong>\u00a0\u2013 Diskussion: &#8222;Cyber-Heldinnen und Helden im Rathaus&#8220;<\/li>\n\n\n\n<li><strong>17:30<\/strong>\u00a0\u2013 Verleihung des InfoSec Impact Awards<\/li>\n<\/ul>\n\n\n\n<h3 class=\"wp-block-heading\"><strong>17. Juni 2026<\/strong><\/h3>\n\n\n\n<ul class=\"wp-block-list\">\n<li><strong>08:00<\/strong>\u00a0\u2013 Er\u00f6ffnung des zweiten Kongresstags<\/li>\n\n\n\n<li><strong>08:50<\/strong>\u00a0\u2013 Vortrag: &#8222;Staatsumbau und Cyber-Sicherheit des Bundes&#8220;<\/li>\n\n\n\n<li><strong>09:30<\/strong>\u00a0\u2013 Diskussion: &#8222;Vision der Cyber-Sicherheit und digitalen Souver\u00e4nit\u00e4t&#8220;<\/li>\n\n\n\n<li><strong>10:30<\/strong>\u00a0\u2013 Keynote: Dr. G\u00fcnther Welsch, BSI<\/li>\n\n\n\n<li><strong>11:40<\/strong>\u00a0\u2013 Parallelforen: \u201eDigitale Identit\u00e4ten\u201c, \u201eCloud-Multiversum\u201c, u.a.<\/li>\n\n\n\n<li><strong>13:50<\/strong>\u00a0\u2013 Parallelforen: \u201eCyber-Vorf\u00e4lle in Kommunen\u201c, \u201eCyber-Sicherheit im Weltraum\u201c, u.a.<\/li>\n\n\n\n<li><strong>15:50<\/strong>\u00a0\u2013 Vortrag \u00fcber EUDI-Wallet und Registermodernisierung<\/li>\n\n\n\n<li><strong>16:10<\/strong>\u00a0\u2013 Diskussion: \u201eDer Stoff, aus dem die Cyber-Helden sind\u201c<\/li>\n<\/ul>\n","protected":false},"featured_media":37711,"template":"","meta":{"content-type":"","_eb_attr":""},"event_listing_category":[286,281],"event_listing_type":[],"class_list":["post-37710","event_listing","type-event_listing","status-publish","has-post-thumbnail","hentry","event_listing_category-fuer-partner-endkunden","event_listing_category-vor-ort-event"],"_links":{"self":[{"href":"https:\/\/enginsight.com\/de\/wp-json\/wp\/v2\/event_listing\/37710","targetHints":{"allow":["GET"]}}],"collection":[{"href":"https:\/\/enginsight.com\/de\/wp-json\/wp\/v2\/event_listing"}],"about":[{"href":"https:\/\/enginsight.com\/de\/wp-json\/wp\/v2\/types\/event_listing"}],"wp:featuredmedia":[{"embeddable":true,"href":"https:\/\/enginsight.com\/de\/wp-json\/wp\/v2\/media\/37711"}],"wp:attachment":[{"href":"https:\/\/enginsight.com\/de\/wp-json\/wp\/v2\/media?parent=37710"}],"wp:term":[{"taxonomy":"event_listing_category","embeddable":true,"href":"https:\/\/enginsight.com\/de\/wp-json\/wp\/v2\/event_listing_category?post=37710"},{"taxonomy":"event_listing_type","embeddable":true,"href":"https:\/\/enginsight.com\/de\/wp-json\/wp\/v2\/event_listing_type?post=37710"}],"curies":[{"name":"wp","href":"https:\/\/api.w.org\/{rel}","templated":true}]}}

<p>Die&nbsp;<strong>Public IT Security 2026</strong>&nbsp;findet am&nbsp;<strong>16. und 17. Juni 2026</strong>&nbsp;im&nbsp;<strong>Hotel Adlon in Berlin</strong>&nbsp;statt. Die Veranstaltung richtet sich an Fachleute aus der IT-Sicherheitsbranche und dem öffentlichen Sektor. Sie bietet ein abwechslungsreiches Programm mit&nbsp;<strong>Vorträgen, Workshops und interaktiven Diskussionen</strong>, die sich mit aktuellen Themen wie&nbsp;<strong>Cybersicherheit, Künstlicher Intelligenz und Cloud-Nutzung</strong>&nbsp;im öffentlichen Bereich befassen.</p>



<p>Die Veranstaltung stellt zudem Experten und Praktiker aus dem öffentlichen Sektor in den Mittelpunkt und beleuchtet praxisnahe Lösungen für den Umgang mit Cyber-Bedrohungen und die Verbesserung der Resilienz öffentlicher IT-Infrastrukturen.</p>



<h3 class="wp-block-heading">Agenda</h3>



<h3 class="wp-block-heading"><strong>16. Juni 2026</strong></h3>



<ul class="wp-block-list">
<li><strong>08:00</strong> – Eröffnung der Ausstellung und Registrierung</li>



<li><strong>08:50</strong> – Eröffnungsrede</li>



<li><strong>09:00</strong> – Eröffnungskeynote (Ministerium des Innern)</li>



<li><strong>09:20</strong> – Keynote von Schwarz Digits</li>



<li><strong>09:40</strong> – Keynote von Carsten Meywirth, BKA</li>



<li><strong>10:00</strong> – Diskussion: &#8222;Doctor Quantum – Neue Technologien für sichere öffentliche Netze&#8220;</li>



<li><strong>11:00</strong> – Keynote von Enginsight</li>



<li><strong>11:20</strong> – Vortrag: „Wie bleibt Deutschlands größte Behörde cyber-sicher?“ (Lars Kukuk, CISO, BA)</li>



<li><strong>12:10</strong> – Parallelforen: &#8222;Sichere Netze des Bundes&#8220;, &#8222;Kryptonit gegen Hacker&#8220;, u.a.</li>



<li><strong>13:20</strong> – Mittagspause</li>



<li><strong>14:30</strong> – Parallelforen: &#8222;Initiativen für Frauen in der Cyber-Abwehr&#8220;, &#8222;Hatespeech effektiv bekämpfen&#8220;, u.a.</li>



<li><strong>16:30</strong> – Diskussion: &#8222;Cyber-Heldinnen und Helden im Rathaus&#8220;</li>



<li><strong>17:30</strong> – Verleihung des InfoSec Impact Awards</li>
</ul>



<h3 class="wp-block-heading"><strong>17. Juni 2026</strong></h3>



<ul class="wp-block-list">
<li><strong>08:00</strong> – Eröffnung des zweiten Kongresstags</li>



<li><strong>08:50</strong> – Vortrag: &#8222;Staatsumbau und Cyber-Sicherheit des Bundes&#8220;</li>



<li><strong>09:30</strong> – Diskussion: &#8222;Vision der Cyber-Sicherheit und digitalen Souveränität&#8220;</li>



<li><strong>10:30</strong> – Keynote: Dr. Günther Welsch, BSI</li>



<li><strong>11:40</strong> – Parallelforen: „Digitale Identitäten“, „Cloud-Multiversum“, u.a.</li>



<li><strong>13:50</strong> – Parallelforen: „Cyber-Vorfälle in Kommunen“, „Cyber-Sicherheit im Weltraum“, u.a.</li>



<li><strong>15:50</strong> – Vortrag über EUDI-Wallet und Registermodernisierung</li>



<li><strong>16:10</strong> – Diskussion: „Der Stoff, aus dem die Cyber-Helden sind“</li>
</ul>
